4*l + 4888939. What is s(-235)?
-1
Let p(f) = -f**3 - 6*f**2 + 89*f + 750. Determine p(-10).
260
Let j(r) = -r**2 - 51047*r - 9054689. Give j(-178).
-7
Let c(h) = 6434*h + 1003718. Calculate c(-156).
14
Let u(i) = -i**3 - 44*i**2 - 193*i - 1319. What is u(-40)?
1
Let g(s) = 2492*s + 169477. Determine g(-68).
21
Let v(b) = -b**2 - 12*b + 3566. What is v(-66)?
2
Let o(w) = -4*w**3 - 149*w**2 + 615*w + 14. What is o(-41)?
14
Let d(k) = 859*k - 3393. Calculate d(4).
43
Let f(k) = -8*k**3 + 8*k**2 - 263*k + 1559. What is f(6)?
-1459
Let n(p) = 5375*p - 61958. What is n(12)?
2542
Let b(r) = 7*r**3 - 54*r**2 + 6*r + 254. Determine b(7).
51
Let r(q) = q**2 + 92901*q + 371590. What is r(-4)?
2
Let w(m) = -50268*m - 452109. Calculate w(-9).
303
Let m(l) = 2641*l + 464837. Calculate m(-176).
21
Let x(u) = -6*u**2 + 482*u - 159. Give x(80).
1
Let b(c) = 358*c**2 - 3574*c + 10. Calculate b(10).
70
Let a(x) = 7*x**3 - 3*x**2 - 1123*x + 10236. Calculate a(9).
4989
Let m(j) = j**2 + 148*j - 1156. Give m(7).
-71
Let s(r) = -r**3 + 289*r**2 + 2076*r - 1173. Determine s(296).
11
Let u(x) = 123*x + 16359. What is u(-133)?
0
Let n(a) = 2*a**2 - 410*a + 604. Calculate n(200).
-1396
Let u(b) = b**3 + 26*b**2 - 10*b + 518. Determine u(-26).
778
Let a(c) = c**3 - 228*c**2 + 25*c - 57674. Give a(229).
492
Let y(g) = g**2 + 822*g + 93301. Calculate y(-136).
5
Let b(t) = -4*t**2 + 1202*t - 27332. Determine b(25).
218
Let l(v) = 169*v**3 + 2200*v**2 + 36*v - 88. Calculate l(-13).
-49
Let b(s) = s**2 - 943*s + 22850. Give b(25).
-100
Let f(i) = 124530*i - 747184. What is f(6)?
-4
Let k(l) = -139802*l + 19152883. Calculate k(137).
9
Let l(b) = 181743*b - 1090374. What is l(6)?
84
Let v(n) = -2*n**2 + 1328*n + 362741. What is v(872)?
-11
Let d(r) = 6486*r + 22. What is d(0)?
22
Let y(q) = 2*q**3 + 93*q**2 + 963*q + 61. Calculate y(-31).
-1
Let b(l) = -l**3 + 97*l**2 - 1972*l + 201. Give b(27).
-2013
Let d(l) = 7955*l - 334107. Determine d(42).
3
Let v(l) = -l**3 + 1786*l**2 - 5355*l + 22. Calculate v(3).
4
Let b(s) = -3*s**3 + 3*s**2 - 1970*s + 3944. Give b(2).
-8
Let s(y) = 8*y**2 + 602*y + 3322. Give s(-6).
-2
Let y(c) = -1170*c**2 + 32762*c + 19. Give y(28).
75
Let y(u) = u**2 + 42378*u - 2503780. What is y(59)?
3
Let m(q) = -q**3 - 25*q**2 - 213*q - 2634. What is m(-17)?
-1325
Let k(a) = -a**2 + 276*a - 1998. What is k(268)?
146
Let b(w) = 6*w**2 + 105*w - 1024. Calculate b(7).
5
Let w(c) = 8*c**2 - 43*c - 217. Calculate w(-4).
83
Let t(y) = 2691*y - 242270. Determine t(90).
-80
Let o(i) = -56*i**3 - 233*i**2 + 4*i + 18. Give o(-4).
-142
Let k(q) = -q**2 - 66*q + 3271. Give k(-88).
1335
Let p(z) = 427*z - 237829. Give p(557).
10
Let y(q) = 114*q**2 - 3830*q - 1528. Determine y(34).
36
Let c(g) = -42717*g - 42882. Determine c(-1).
-165
Let s(c) = 3188*c - 28884. Give s(9).
-192
Let b(d) = 2*d**3 + 242*d**2 + 3676*d - 20412. Calculate b(-102).
-12
Let q(g) = 257*g + 95738. Calculate q(-367).
1419
Let z(o) = o**2 - 170721*o - 341445. Give z(-2).
1
Let u(x) = 2*x**3 + 84*x**2 + 377*x + 262. Calculate u(-37).
3
Let h(k) = 62024*k - 4961896. Calculate h(80).
24
Let y(g) = 44206*g - 397991. Determine y(9).
-137
Let y(n) = -3*n**3 - 251*n**2 - 91*n + 6259. Determine y(-83).
34
Let z(d) = -d**2 + 54*d + 30570. Determine z(-150).
-30
Let o(l) = 75974*l - 1063648. Calculate o(14).
-12
Let b(q) = -28*q**3 + 3*q**2 + 92*q + 341. Calculate b(-4).
1813
Let d(i) = 3*i**3 + 2587*i**2 - 23532*i + 41. Determine d(9).
-13
Let h(k) = k**3 + 82*k**2 + 109*k - 45. What is h(0)?
-45
Let s(w) = w**3 + 55*w**2 + 542*w + 1456. Determine s(-8).
128
Let x(j) = 12*j**2 + 1001*j - 539. What is x(-84)?
49
Let j(h) = 2*h**2 - 388*h + 923. Determine j(192).
155
Let l(j) = -138863*j + 1527494. Calculate l(11).
1
Let w(b) = -b**3 - 49*b**2 - 397*b + 243. What is w(-11)?
12
Let i(a) = -10129*a - 2208099. Calculate i(-218).
23
Let l(p) = 4322*p + 60614. Determine l(-14).
106
Let q(a) = -12032*a + 1876985. What is q(156)?
-7
Let m(r) = 7*r**3 - 148*r**2 - 889*r + 37. Calculate m(26).
-93
Let y(s) = -29*s**3 + 898*s**2 + 160*s - 5567. Determine y(31).
-1568
Let o(g) = 10*g**3 + 103*g**2 - 62*g - 143. Determine o(-10).
777
Let m(w) = 6*w**3 + 3*w**2 - 30*w - 75. Give m(-5).
-600
Let o(x) = 2*x**3 + 630*x**2 - 162*x - 51186. Give o(-315).
-156
Let g(s) = 2*s**2 - 424*s - 9767. Determine g(-21).
19
Let z(y) = 1453*y**3 + 6*y**2 - 5*y - 3. What is z(-1)?
-1445
Let o(b) = 11862*b + 83023. What is o(-7)?
-11
Let y(r) = 19604*r - 4175653. What is y(213)?
-1
Let y(q) = -79*q**2 + 31*q - 97. Calculate y(4).
-1237
Let n(p) = -2*p**2 - 105*p - 998. Give n(-50).
-748
Let a(v) = 14*v**2 - 4353*v + 73776. Determine a(18).
-42
Let b(y) = 1439*y - 78133. Determine b(55).
1012
Let c(j) = -j**3 - 2*j**2 + 7*j + 29. What is c(6)?
-217
Let f(d) = 21*d**2 + 386*d + 479. What is f(-17)?
-14
Let h(g) = -g**3 - 126*g**2 + 539*g - 33392. Determine h(-132).
4
Let o(c) = -25*c**2 + 17614*c - 9891. Give o(704).
-35
Let s(g) = -g**2 - 3778*g + 118080. Determine s(31).
1
Let b(c) = -1373*c - 24628. Determine b(-18).
86
Let w(i) = 175629*i + 3863836. Give w(-22).
-2
Let w(p) = -27*p**3 - 76*p**2 - 18*p - 41. Determine w(-3).
58
Let k(o) = -o**3 + 61*o**2 - 926*o + 72. Determine k(33).
6
Let k(q) = -q**3 + 93*q**2 + 2634*q - 274595. Give k(87).
-23
Let f(s) = -6845*s + 1697558. Give f(248).
-2
Let c(t) = 18784*t + 150283. What is c(-8)?
11
Let h(b) = -718*b + 6518. Give h(7).
1492
Let o(h) = -941724*h + 10358983. What is o(11)?
19
Let q(r) = -2*r**3 + 54*r**2 + 55*r + 56. Calculate q(29).
-1713
Let t(a) = a**2 - 183*a - 410. Give t(186).
148
Let o(p) = 41*p**2 - 2989*p + 74. What is o(73)?
366
Let t(w) = 33148*w + 464221. What is t(-14)?
149
Let r(o) = o**3 + 10*o**2 - 89*o - 948. Calculate r(-14).
-486
Let r(p) = -p**2 + 585*p - 46956. Determine r(96).
-12
Let t(f) = f**3 - 23*f**2 + 31*f - 34. Calculate t(14).
-1364
Let x(l) = 83*l - 1510. What is x(36)?
1478
Let t(o) = -2*o**3 - 13*o - 277. Calculate t(0).
-277
Let m(l) = -3755*l + 52723. Determine m(14).
153
Let l(k) = -898*k**3 + 28736*k**2 - 9*k + 277. What is l(32)?
-11
Let g(c) = 7*c**2 + 2496*c + 47087. Determine g(-20).
-33
Let w(y) = -353*y - 103319. Calculate w(-293).
110
Let z(u) = -22*u**3 + 330*u**2 + 60*u - 898. What is z(15)?
2
Let n(y) = 11*y**2 + 5901*y - 3200. Determine n(-537).
22
Let c(z) = -z**3 - 10*z**2 + 237*z + 2549. Calculate c(-12).
-7
Let x(m) = 3075*m + 160823. Give x(-52).
923
Let c(d) = -d**3 - 230*d**2 - 641*d - 147421. Calculate c(-230).
9
Let g(v) = 18*v**2 + 625*v + 1866. Give g(-3).
153
Let z(d) = d**2 - 2636*d - 287776. What is z(-105)?
29
Let l(f) = 65*f**2 + 3210*f - 6414. Determine l(2).
266
Let r(z) = -932*z - 3501. Calculate r(-4).
227
Let s(f) = 14*f**3 + 22*f**2 - 14*f - 13. Give s(-3).
-151
Let k(t) = -16151*t - 193969. What is k(-12)?
-157
Let y(w) = -w**3 - 480*w**2 - 16796*w - 37. Determine y(-442).
-37
Let m(g) = -10*g**2 + 1067*g + 1336. What is m(108)?
-68
Let r(m) = -3*m**3 - 31*m**2 + 248*m - 245. What is r(5)?
-155
Let m(n) = 2*n**3 + 27*n**2 + 23*n + 71. Give m(-6).
473
Let f(i) = 1453*i**2 - 7244*i + 6. Determine f(5).
111
Let t(d) = -1088*d**2 + 170*d - 170. Calculate t(1).
-1088
Let j(h) = -2*h**2 + 144*h + 11834. Calculate j(-49).
-24
Let n(r) = 107651*r - 645945. Give n(6).
-39
Let l(k) = 120*k**2 - 130066*k - 15184. Determine l(1084).
-8
Let j(i) = 10*i**2 - 2204*i + 3007. Calculate j(219).
-59
Let v(d) = 126*d**3 + 748*d**2 - 4*d + 21. Give v(-6).
-243
Let w(d) = -d**2 - 747*d - 15160. What is w(-21)?
86
Let v(z) = -2484*z - 2367. Calculate v(-1).
117
Let k(v) = 10140*v - 334662. Determine k(33).
-42
Let u(c) = -6773*c - 4054. What is u(-1)?
2719
Let o(v) = -11782*v - 83167. What is o(-7)?
-693
Let c(i) = -185*i**2 + 40150*i - 1100. Calculate c(217).
-15
Let d(h) = 37*h**2 - 29*h - 673. Calculate d(-9).
2585
Let k(v) = -3*v**2 - 10639*v - 74378. Give k(-7).
-52
Let c(s) = s**3 - 373*s**2 + 24682*s + 55. Determine c(287).
55
Let w(p) = 3034*p - 18182. Give w(6).
22
Let w(l) = -2*l**2 + 645*l - 1295. Give w(2).
-13
Let i(x) = -51*x + 11227. Give i(221).
-44
Let m(t) = -t**2 + 513*t + 16693. Calculate m(-33).
-1325
Let y(x) = 1828*x + 173667. Give y(-95).
7
Let u(a) = 388*a**2 + 4672*a + 183. What is u(-12)?
-9
Let r(a) = -97*